pose -14*i + 2524890 = 16*i. Is i composite?
False
Let i(h) = h**3 - 14*h**2 + 13*h + 2. Let x be i(13). Suppose 0*j = -x*j + 166. Suppose 0 = -4*a - j + 6775. Is a prime?
False
Suppose 155*q = -18*q + 174765811. Is q composite?
True
Let s(k) = -1088*k + 1811. Is s(-19) a composite number?
False
Let g = 156777 - 42316. Is g a composite number?
True
Let l(s) = 456*s**2 + 33*s + 127. Let r = 701 - 711. Is l(r) a prime number?
False
Suppose 24*q - 25*q = 4*u - 127386, -u + q = -31849. Is u a prime number?
True
Is 210204750/378 - 2/9 prime?
False
Let l be (2*-1)/6*672/(-56). Suppose -2*n + 5*a + 0*a = -1465, -l*n = -5*a - 2955. Is n a prime number?
False
Suppose -h = -5*z + 146, 2*h + 3 + 79 = 3*z. Suppose -10*y + 16*y = -z. Is 2738 + -3 + -8 - (1 + y) a prime number?
True
Let r(m) be the second derivative of 1/12*m**4 + 0 - 30*m + 1/6*m**3 - 11/20*m**5 - 6*m**2. Is r(-5) a composite number?
True
Let b(i) = -22881*i - 629. Is b(-10) a prime number?
True
Suppose -23806 = -4*i - 2*n, 11*i + n - 23805 = 7*i. Suppose 3*j - 10481 = 5*b + i, -2*b + 21918 = 4*j. Is j a composite number?
False
Is 138979249/158 - 15/(-10) a composite number?
False
Let l = 33 + -37. Let b(z) = -10*z + 13. Let q be b(l). Let j = q - 30. Is j composite?
False
Suppose 6*a - 2479 - 161 = 0. Let t = a + 455. Suppose -w = 2*l - 30 - t, 3*l = 5*w - 4586. Is w prime?
True
Suppose -246*a + 3638157 = -224*a + 340775. Is a a prime number?
False
Suppose 4*q - 3*q = 1, -5*d - 5*q + 5 = 0. Suppose 5*l - 6*l - 4 = d. Is 8 + l - -129 - 4 prime?
False
Let n(b) = 65*b - 6. Let f be n(3). Suppose 129 = u - f. Suppose -u = -c - c. Is c a prime number?
False
Let o(r) = r**3 + 7*r**2 + 5*r - 2. Let y be o(-6). Suppose -5*m - y*j + 24 - 1 = 0, -2*m + 10 = 2*j. Is ((-9)/45)/(m/(-18735)) a composite number?
False
Let y = -49574 + 80951. Let p = -5510 + y. Is p composite?
False
Let u = -2 + 8. Suppose -3*b - 2*a = -1217, -u*b + 3*b - 3*a + 1212 = 0. Let r = b - 260. Is r a prime number?
True
Let g = 86 + -87. Is (-3)/((-12)/g) - 82225/(-20) a composite number?
False
Suppose y - 2051683 = -52*y. Let k = 74022 - y. Is k a prime number?
True
Let b(u) = 19*u + 2. Let i(y) = 20*y + 3. Suppose 8 = 6*m - 4*m, -5*f + 38 = 2*m. Let j(s) = f*b(s) - 7*i(s). Is j(-2) composite?
False
Let i be -4 + 2 + -5 - -2214. Suppose -1120 = -r + 3*o, 2*r + 4*o + o = i. Is r a prime number?
False
Let b(d) = 1 + 30*d - 13*d - 38. Let t be b(21). Let j = 2225 + t. Is j prime?
False
Let m be ((-8)/6 - 2)/((-4)/6). Suppose 5*b = 7*k - m*k - 11493, -5*k + 4*b = -28775. Is k composite?
True
Let s = 788850 + -363979. Is s prime?
False
Let j = 30 - 9. Let n = j - 31. Is 9/(-5) + 1 - 1458/n prime?
False
Suppose -3500 = -106*u + 96*u. Suppose u + 1051 = 3*p. Is p a prime number?
True
Suppose -5*b - 667 = -2672. Let f = b - -387. Let q = 2841 - f. Is q a composite number?
False
Is (14 - (-515883)/(-12))*-4 a composite number?
True
Is 6/(-2) + ((-2)/(-3) + -1)*-276816 a prime number?
True
Let k be ((-1)/2)/(8722/8720 + -1). Let q be -922*(9/6 - 0). Let h = q - k. Is h a composite number?
False
Let f = 277 + -272. Suppose 3*h + f*x + 473 = 3189, 4*x = h - 911. Is h prime?
True
Suppose 0 = 244*q - 368*q + 15275667 + 13162369. Is q prime?
False
Suppose -4*u = -13*u + 450. Let g be (5/u*4)/(3/15). Is ((-1358 - g) + 0 + -1)*-1 prime?
True
Let o(a) be the first derivative of a**4/4 - 16*a**3/3 + 13*a**2/2 + 32*a - 29. Let t be o(15). Suppose 0 = -3*y + t*y + 933. Is y a composite number?
True
Is (-10)/(-10)*(-10 - (-731685 + -6)) a composite number?
False
Suppose o = 4*r - 2389997, 1792536 = -18*r + 21*r - 5*o. Is r a prime number?
True
Suppose 2*u + 5*k = 24 + 9, 93 = 4*u + k. Suppose -23*t + u*t = 16963. Is t composite?
False
Let t = 27465 + -2774. Is t prime?
True
Is (-4)/3 - (2523970/(-30) + -14) prime?
False
Let d(j) = j**3 + 22*j**2 + 22*j + 24. Let n be d(-21). Let p be 10/(-15)*n - -183. Let k = -50 + p. Is k a composite number?
False
Let p(g) = 21*g**3 - g**2 + 2*g - 1. Let k be p(1). Let l be (-6)/k - 5008/14. Let f = l - -501. Is f a composite number?
True
Let h(m) = -m**2 + 11*m - 925. Let a be h(0). Let q be (-14379)/(-9) + (-2)/(-6). Let k = q + a. Is k a composite number?
False
Suppose 90*r - 88*r - 13402 = 0. Let o = r - -5336. Is o prime?
True
Suppose -11 = 3*j - 2, -4*i = 5*j - 9. Suppose -i*d + 1668 + 3702 = 0. Suppose 41*v = 40*v + d. Is v a prime number?
False
Let o be (1/1)/((-13)/(-26)). Let d be 8 + (o + -4)*2. Suppose -d*v + 21824 = -5*a, -4*a = 5*v - 0*v - 27321. Is v composite?
True
Suppose 224526 = 5*v - 3*o - 0*o, -4*o + 12 = 0. Is v a prime number?
False
Let j(m) = 1039*m. Let o be j(1). Suppose 45*r + 513 = 43*r - 3*i, 4*i + 516 = -2*r. Let b = o + r. Is b a prime number?
True
Let s = -27 - -29. Let x = -1 + s. Let v(t) = 287*t**2 + t + 1. Is v(x) composite?
True
Let x be (-2)/8*(-6 - -6). Suppose -14*n + 81263 - 16569 = x. Is n prime?
True
Let w = 789 - 92. Let b = w - 175. Let l = b + 247. Is l prime?
True
Let b(k) = -24*k**2 - 2*k - 2. Let d be b(-1). Let c = d - -27. Suppose g = -c, -3*z + 261 = 5*g - 81. Is z prime?
False
Let x(d) = -8*d - 16. Let k be x(-4). Let b(m) = m - 13. Let o be b(k). Suppose 5*l + o*y - 18573 = -3071, 12401 = 4*l + 3*y. Is l a composite number?
True
Suppose 0 = 2*k + 27 - 1. Let m(v) = -27 - 19*v + 3*v**2 + 9 + 6 - 4*v**2 + 1. Is m(k) prime?
True
Let f(i) = 6*i**2 - i**2 - 22*i + 3*i**2 - 2 - 10*i**2. Let z be f(-11). Is ((-532)/42)/((z/(-177))/(-1)) a composite number?
True
Let k be -6*6/(-45)*5/2. Suppose -l - 4370 = -5*l - k*z, -3*l = -4*z - 3283. Suppose -l = -5*b + 1242. Is b a prime number?
True
Let t = -293 - -293. Suppose t = 16*z - 79158 - 31418. Is z a prime number?
True
Suppose -3*r = 3*k - 27, r + 2*k - 1 - 5 = 0. Let h = r + -16. Is h/20 - 1686/(-5) a prime number?
True
Let o = -36245 - -61594. Is o composite?
False
Let l(t) = -t**3 + 168*t**2 - 88*t - 348. Is l(-55) prime?
True
Let t(z) = -z**2 - 3*z**2 + 16*z**2. Let w be t(1). Is (-2719)/(-3) - (-4)/w*2 a composite number?
False
Let k = -2195 - -6443. Suppose 2*z + 5*v = 6*z - k, 1047 = z - 5*v. Is z a prime number?
False
Is (-106565)/(-25)*15/2*(-24)/(-36) composite?
False
Is (-1898745)/(-17) + (-358)/(-3043) a composite number?
True
Suppose -227*n = 237*n - 494*n + 3781590. Is n prime?
False
Let c(b) = b**3 + 7*b**2 - 8*b + 4. Let j be c(-8). Suppose -6*a + 733 = -j*z - a, -5*z + 5*a = 915. Let h = z - -477. Is h prime?
False
Let j be 0/(((-86)/(-129))/(2/3)). Suppose -23*i + 27*i + 20 = j, o + 5*i - 6424 = 0. Is o prime?
True
Let d(y) = 182*y**2 - 709*y + 70. Is d(-25) a prime number?
False
Is -1095878*4/(-14) + -5*1 a prime number?
False
Let a(z) = 3*z**2 - 7*z + 3. Let o be a(2). Let k(y) = 1. Let f(n) = 542*n. Let u(t) = o*f(t) + 3*k(t). Is u(2) composite?
False
Let u(r) = 10*r - 40. Let d be u(6). Let j(y) = -2*y**2 + 39*y + 26. Let m be j(d). Suppose -6*t + 3516 = m*t. Is t prime?
True
Let k = 4240 + 2383. Let o = k - 3504. Is o a prime number?
True
Let d(m) = -m**2 + 34*m - 61. Let y be d(32). Is 20560/28 - (24/28)/y composite?
True
Let a(w) = -w**3 - 3*w**2 + 4*w - 14. Let q be a(0). Is (q + 1)/((-129)/(-33) - 4) composite?
True
Let o = 3271 + 16170. Is o prime?
True
Is (-6)/(-30)*-55 + 82468 prime?
True
Suppose -11*v = v - 2100. Let m = v - 131. Is 5 - (-11)/(m/7184) composite?
False
Let z = 140885 + -78454. Is z a composite number?
True
Let t = -4939 - -16185. Is t composite?
True
Suppose 6*m = -u + 3*m + 15623, 5*u - 78195 = m. Suppose 5*c = 7*c - u. Is c a prime number?
False
Is (72/30)/(-12)*-12895 a composite number?
False
Let u = -128189 + 337404. Is u composite?
True
Let p(q) = -2204*q**3 - 5*q**2 - 5*q + 1. Let k be p(-1). Let t = -5221 + k. Let l = -1259 - t. Is l a prime number?
False
Suppose -2*a = 4*p - 6*a, 2*a = 4*p - 4. Suppose 0 = -p*b - b - 15. Is (-2098)/b + 78/(-30) + 2 composite?
False
Let n(g) = -10*g**2 + 1110*g + 31. Is n(21) a prime number?
False
Suppose 6*s - 2*s + 20 = 0, 1 = 2*u + 5*s. Suppose u*a - 14*a = 7. Let q = a + 13. Is q composite?
True
Suppose 15*v - 6*v = -28476. Let q = v - -6925. Is q prime?
True
Suppose 111979 = 7*b - b + 10813. Is b a prime number?
False
Let j be -2*1/2*3. Let f be (-154)/(-33)*18/7. Is ((-34)/j)/(f/198) prime?
False
Is (18978/(-8))/((-930)/